{"id":6610,"date":"2021-01-29T11:49:49","date_gmt":"2021-01-29T10:49:49","guid":{"rendered":"https:\/\/canale-di-verde.fr\/?page_id=6610"},"modified":"2021-01-29T11:50:22","modified_gmt":"2021-01-29T10:50:22","slug":"accessibilite","status":"publish","type":"page","link":"https:\/\/canale-di-verde.fr\/corse\/accessibilite\/","title":{"rendered":"Accessibilit\u00e0"},"content":{"rendered":"<div data-elementor-type=\"wp-page\" data-elementor-id=\"6610\" class=\"elementor elementor-6610\">\n\t\t\t\t\t\t<section class=\"elementor-section elementor-top-section elementor-element elementor-element-b532378 elementor-section-boxed elementor-section-height-default elementor-section-height-default\" data-id=\"b532378\" data-element_type=\"section\">\n\t\t\t\t\t\t<div class=\"elementor-container elementor-column-gap-default\">\n\t\t\t\t\t<div class=\"elementor-column elementor-col-100 elementor-top-column elementor-element elementor-element-b2cdf7b\" data-id=\"b2cdf7b\" data-element_type=\"column\">\n\t\t\t<div class=\"elementor-widget-wrap elementor-element-populated\">\n\t\t\t\t\t\t<div class=\"elementor-element elementor-element-f719c53 elementor-widget elementor-widget-wp-widget-text\" data-id=\"f719c53\" data-element_type=\"widget\" data-widget_type=\"wp-widget-text.default\">\n\t\t\t\t<div class=\"elementor-widget-container\">\n\t\t\t\t\t\t\t\t<div class=\"textwidget\"><div id=\"main-content\">\n<article id=\"post-26339\" class=\"post-26339 page type-page status-publish hentry\">\n<div class=\"entry-content\">\n<div id=\"et-boc\" class=\"et-boc\">\n<div class=\"et-l et-l--post\">\n<div class=\"et_builder_inner_content et_pb_gutters3\">\n<div class=\"et_pb_section et_pb_section_1 et_section_regular\">\n<div class=\"et_pb_row et_pb_row_1\">\n<div class=\"et_pb_column et_pb_column_4_4 et_pb_column_1  et_pb_css_mix_blend_mode_passthrough et-last-child\">\n<div class=\"et_pb_module et_pb_text et_pb_text_1  et_pb_text_align_left et_pb_bg_layout_light\">\n<div class=\"et_pb_text_inner\">\n<p class=\"bodytext\">Ce site tente d\u2019\u00eatre accessible pour le plus grand nombre, toutefois si vous rencontrez des difficult\u00e9s n\u2019h\u00e9sitez pas \u00e0 nous le faire savoir via\u00a0<a href=\"https:\/\/www.vescovato.fr\/contact-acces\">notre formulaire de contact<\/a>.<\/p>\n<h3 class=\"bodytext\">\u00a0Taille d\u2019affichage<\/h3>\n<p class=\"bodytext\">Les textes de contenu dans ce site ont une taille de police relative, c\u2019est \u00e0 dire agrandissable selon les besoins.<\/p>\n<p class=\"bodytext\">Pour modifier la taille d\u2019affichage du texte :<\/p>\n<ul>\n<li>Avec divers navigateurs :\u00a0<kbd>Ctrl<\/kbd>\u00a0<kbd>+<\/kbd>\u00a0<strong>molette de la souris<\/strong><\/li>\n<li>Internet Explorer : allez dans\u00a0<strong>Affichage &gt;&gt; Taille du texte<\/strong>\u00a0et choisissez.<\/li>\n<li>Mozilla, Firefox et Google Chrome : faites\u00a0<kbd>Ctrl<\/kbd>\u00a0<kbd>+<\/kbd>\u00a0pour agrandir et\u00a0<kbd>Ctrl<\/kbd>\u00a0<kbd>-<\/kbd>\u00a0pour diminuer.<\/li>\n<li>Opera : appuyez sur les touches\u00a0<kbd>+<\/kbd>\u00a0ou\u00a0<kbd>-<\/kbd>\u00a0du pav\u00e9 num\u00e9rique. Ou bien allez dans\u00a0<strong>Affichage &gt;&gt; Zoom<\/strong>\u00a0et choisissez.<\/li>\n<\/ul>\n<h3>Les diff\u00e9rents types de logiciels<\/h3>\n<ul>\n<li><strong>Des lecteurs d\u2019\u00e9crans<\/strong>\u00a0transforment les informations port\u00e9es \u00e0 l\u2019\u00e9cran (logiciel de traitement de texte ou navigateur web par exemple) \u00e0 destination d\u2019une synth\u00e8se vocale ou d\u2019un p\u00e9riph\u00e9rique comme une plage braille.<\/li>\n<li><strong>Des navigateurs vocaux\u00a0<\/strong>sont destin\u00e9s \u00e0 la navigation sur l\u2019internet dont ils assurent un rendu graphique (affichage traditionnel) et une lecture vocale ou \u00e0 destination d\u2019une plage braille.<\/li>\n<li><strong>Des navigateurs textuels<\/strong>\u00a0affichent les pages web en mode texte.<\/li>\n<li><strong>Des loupes et assimil\u00e9s<\/strong>\u00a0ont pour objectif d\u2019agrandir ou de modifier une zone de l\u2019ecran pour la rendre lisible par un mal-voyant.<\/li>\n<\/ul>\n<h2>Logiciels libres<\/h2>\n<p class=\"chapeau\">Ce site est fait avec des logiciels libres.<\/p>\n<p class=\"bodytext\">Un Logiciel Libre est un programme informatique distribu\u00e9 sous une licence particuli\u00e8re qui autorise et garantie quatre libert\u00e9s :<\/p>\n<ul>\n<li>La libert\u00e9 d\u2019ex\u00e9cuter le programme, pour tous les usages ;<\/li>\n<li>La libert\u00e9 d\u2019\u00e9tudier le fonctionnement du programme et de l\u2019adapter \u00e0 vos besoins (pour ceci l\u2019acc\u00e8s au code source est n\u00e9cessaire) ;<\/li>\n<li>La libert\u00e9 de redistribuer des copies -donc d\u2019aider votre voisin ;<\/li>\n<li>La libert\u00e9 d\u2019am\u00e9liorer le programme et de publier vos am\u00e9liorations, pour en faire profiter toute la communaut\u00e9 (pour ceci l\u2019acc\u00e8s au code source est n\u00e9cessaire) ;<\/li>\n<\/ul>\n<p class=\"bodytext\">Les logiciels libres sont donc d\u00e9velopp\u00e9s par des personnes qui s\u2019associent pour faire un travail en commun.<\/p>\n<ul class=\"savoir-plus\">\n<li><a title=\"fr.wikipedia.org\/wiki\/Logiciel_libre (Nouvelle fen\u00eatre)\" href=\"http:\/\/fr.wikipedia.org\/wiki\/Logiciel_libre\" target=\"_blank\" rel=\"noopener noreferrer\"><span class=\"external\">fr.wikipedia.org\/wiki\/Logiciel_libre=<\/span><\/a><\/li>\n<\/ul>\n<\/div>\n<\/div>\n<\/div>\n<\/div>\n<\/div>\n<\/div>\n<\/div>\n<\/div>\n<\/div>\n<\/article>\n<\/div>\n<footer id=\"main-footer\">\n<div class=\"container\">\n<div id=\"footer-widgets\" class=\"clearfix\">\n<div class=\"footer-widget\"><\/div>\n<\/div>\n<\/div>\n<\/footer>\n<\/div>\n\t\t\t\t\t\t<\/div>\n\t\t\t\t<\/div>\n\t\t\t\t\t<\/div>\n\t\t<\/div>\n\t\t\t\t\t<\/div>\n\t\t<\/section>\n\t\t\t\t<\/div>","protected":false},"excerpt":{"rendered":"","protected":false},"author":1,"featured_media":0,"parent":0,"menu_order":0,"comment_status":"closed","ping_status":"closed","template":"","meta":{"_monsterinsights_skip_tracking":false,"_monsterinsights_sitenote_active":false,"_monsterinsights_sitenote_note":"","_monsterinsights_sitenote_category":0,"footnotes":""},"class_list":["post-6610","page","type-page","status-publish","hentry"],"yoast_head":"<!-- This site is optimized with the Yoast SEO plugin v26.8 - https:\/\/yoast.com\/product\/yoast-seo-wordpress\/ -->\n<title>Accessibilit\u00e9 - Cumuna di Canale-di-Verde | Haute-Corse<\/title>\n<meta name=\"robots\" content=\"index, follow, max-snippet:-1, max-image-preview:large, max-video-preview:-1\" \/>\n<link rel=\"canonical\" href=\"https:\/\/canale-di-verde.fr\/corse\/accessibilite\/\" \/>\n<meta property=\"og:locale\" content=\"en_US\" \/>\n<meta property=\"og:type\" content=\"article\" \/>\n<meta property=\"og:title\" content=\"Accessibilit\u00e9 - Cumuna di Canale-di-Verde | Haute-Corse\" \/>\n<meta property=\"og:url\" content=\"https:\/\/canale-di-verde.fr\/corse\/accessibilite\/\" \/>\n<meta property=\"og:site_name\" content=\"Cumuna di Canale-di-Verde | Haute-Corse\" \/>\n<meta property=\"article:modified_time\" content=\"2021-01-29T10:50:22+00:00\" \/>\n<meta name=\"twitter:card\" content=\"summary_large_image\" \/>\n<script type=\"application\/ld+json\" class=\"yoast-schema-graph\">{\"@context\":\"https:\/\/schema.org\",\"@graph\":[{\"@type\":\"WebPage\",\"@id\":\"https:\/\/canale-di-verde.fr\/accessibilite\/\",\"url\":\"https:\/\/canale-di-verde.fr\/accessibilite\/\",\"name\":\"Accessibilit\u00e9 - Cumuna di Canale-di-Verde | Haute-Corse\",\"isPartOf\":{\"@id\":\"https:\/\/canale-di-verde.fr\/#website\"},\"datePublished\":\"2021-01-29T10:49:49+00:00\",\"dateModified\":\"2021-01-29T10:50:22+00:00\",\"breadcrumb\":{\"@id\":\"https:\/\/canale-di-verde.fr\/accessibilite\/#breadcrumb\"},\"inLanguage\":\"co\",\"potentialAction\":[{\"@type\":\"ReadAction\",\"target\":[\"https:\/\/canale-di-verde.fr\/accessibilite\/\"]}]},{\"@type\":\"BreadcrumbList\",\"@id\":\"https:\/\/canale-di-verde.fr\/accessibilite\/#breadcrumb\",\"itemListElement\":[{\"@type\":\"ListItem\",\"position\":1,\"name\":\"Accueil\",\"item\":\"https:\/\/canale-di-verde.fr\/\"},{\"@type\":\"ListItem\",\"position\":2,\"name\":\"Accessibilit\u00e9\"}]},{\"@type\":\"WebSite\",\"@id\":\"https:\/\/canale-di-verde.fr\/#website\",\"url\":\"https:\/\/canale-di-verde.fr\/\",\"name\":\"Cumuna di Canale-di-Verde | Haute-Corse\",\"description\":\"Commune de Canale-di-Verde | Haute-Corse\",\"publisher\":{\"@id\":\"https:\/\/canale-di-verde.fr\/#organization\"},\"potentialAction\":[{\"@type\":\"SearchAction\",\"target\":{\"@type\":\"EntryPoint\",\"urlTemplate\":\"https:\/\/canale-di-verde.fr\/?s={search_term_string}\"},\"query-input\":{\"@type\":\"PropertyValueSpecification\",\"valueRequired\":true,\"valueName\":\"search_term_string\"}}],\"inLanguage\":\"co\"},{\"@type\":\"Organization\",\"@id\":\"https:\/\/canale-di-verde.fr\/#organization\",\"name\":\"Commune de Canale-di-Verde\",\"url\":\"https:\/\/canale-di-verde.fr\/\",\"logo\":{\"@type\":\"ImageObject\",\"inLanguage\":\"co\",\"@id\":\"https:\/\/canale-di-verde.fr\/#\/schema\/logo\/image\/\",\"url\":\"https:\/\/canale-di-verde.fr\/wp-content\/uploads\/2020\/12\/logo-cdv.png\",\"contentUrl\":\"https:\/\/canale-di-verde.fr\/wp-content\/uploads\/2020\/12\/logo-cdv.png\",\"width\":1922,\"height\":764,\"caption\":\"Commune de Canale-di-Verde\"},\"image\":{\"@id\":\"https:\/\/canale-di-verde.fr\/#\/schema\/logo\/image\/\"}}]}<\/script>\n<!-- \/ Yoast SEO plugin. -->","yoast_head_json":{"title":"Accessibilit\u00e9 - Cumuna di Canale-di-Verde | Haute-Corse","robots":{"index":"index","follow":"follow","max-snippet":"max-snippet:-1","max-image-preview":"max-image-preview:large","max-video-preview":"max-video-preview:-1"},"canonical":"https:\/\/canale-di-verde.fr\/corse\/accessibilite\/","og_locale":"en_US","og_type":"article","og_title":"Accessibilit\u00e9 - Cumuna di Canale-di-Verde | Haute-Corse","og_url":"https:\/\/canale-di-verde.fr\/corse\/accessibilite\/","og_site_name":"Cumuna di Canale-di-Verde | Haute-Corse","article_modified_time":"2021-01-29T10:50:22+00:00","twitter_card":"summary_large_image","schema":{"@context":"https:\/\/schema.org","@graph":[{"@type":"WebPage","@id":"https:\/\/canale-di-verde.fr\/accessibilite\/","url":"https:\/\/canale-di-verde.fr\/accessibilite\/","name":"Accessibilit\u00e9 - Cumuna di Canale-di-Verde | Haute-Corse","isPartOf":{"@id":"https:\/\/canale-di-verde.fr\/#website"},"datePublished":"2021-01-29T10:49:49+00:00","dateModified":"2021-01-29T10:50:22+00:00","breadcrumb":{"@id":"https:\/\/canale-di-verde.fr\/accessibilite\/#breadcrumb"},"inLanguage":"co","potentialAction":[{"@type":"ReadAction","target":["https:\/\/canale-di-verde.fr\/accessibilite\/"]}]},{"@type":"BreadcrumbList","@id":"https:\/\/canale-di-verde.fr\/accessibilite\/#breadcrumb","itemListElement":[{"@type":"ListItem","position":1,"name":"Accueil","item":"https:\/\/canale-di-verde.fr\/"},{"@type":"ListItem","position":2,"name":"Accessibilit\u00e9"}]},{"@type":"WebSite","@id":"https:\/\/canale-di-verde.fr\/#website","url":"https:\/\/canale-di-verde.fr\/","name":"Cumuna di Canale-di-Verde | Haute-Corse","description":"Commune de Canale-di-Verde | Haute-Corse","publisher":{"@id":"https:\/\/canale-di-verde.fr\/#organization"},"potentialAction":[{"@type":"SearchAction","target":{"@type":"EntryPoint","urlTemplate":"https:\/\/canale-di-verde.fr\/?s={search_term_string}"},"query-input":{"@type":"PropertyValueSpecification","valueRequired":true,"valueName":"search_term_string"}}],"inLanguage":"co"},{"@type":"Organization","@id":"https:\/\/canale-di-verde.fr\/#organization","name":"Cumuna di Canale di Verde","url":"https:\/\/canale-di-verde.fr\/","logo":{"@type":"ImageObject","inLanguage":"co","@id":"https:\/\/canale-di-verde.fr\/#\/schema\/logo\/image\/","url":"https:\/\/canale-di-verde.fr\/wp-content\/uploads\/2020\/12\/logo-cdv.png","contentUrl":"https:\/\/canale-di-verde.fr\/wp-content\/uploads\/2020\/12\/logo-cdv.png","width":1922,"height":764,"caption":"Commune de Canale-di-Verde"},"image":{"@id":"https:\/\/canale-di-verde.fr\/#\/schema\/logo\/image\/"}}]}},"_links":{"self":[{"href":"https:\/\/canale-di-verde.fr\/corse\/wp-json\/wp\/v2\/pages\/6610","targetHints":{"allow":["GET"]}}],"collection":[{"href":"https:\/\/canale-di-verde.fr\/corse\/wp-json\/wp\/v2\/pages"}],"about":[{"href":"https:\/\/canale-di-verde.fr\/corse\/wp-json\/wp\/v2\/types\/page"}],"author":[{"embeddable":true,"href":"https:\/\/canale-di-verde.fr\/corse\/wp-json\/wp\/v2\/users\/1"}],"replies":[{"embeddable":true,"href":"https:\/\/canale-di-verde.fr\/corse\/wp-json\/wp\/v2\/comments?post=6610"}],"version-history":[{"count":4,"href":"https:\/\/canale-di-verde.fr\/corse\/wp-json\/wp\/v2\/pages\/6610\/revisions"}],"predecessor-version":[{"id":6614,"href":"https:\/\/canale-di-verde.fr\/corse\/wp-json\/wp\/v2\/pages\/6610\/revisions\/6614"}],"wp:attachment":[{"href":"https:\/\/canale-di-verde.fr\/corse\/wp-json\/wp\/v2\/media?parent=6610"}],"curies":[{"name":"wp","href":"https:\/\/api.w.org\/{rel}","templated":true}]}}